{"id":9516,"date":"2024-01-24T12:19:56","date_gmt":"2024-01-24T12:19:56","guid":{"rendered":"https:\/\/ysgolsul.com\/?page_id=9516"},"modified":"2024-01-24T16:07:44","modified_gmt":"2024-01-24T16:07:44","slug":"y-cwrs-gweddi-sesiwn-1","status":"publish","type":"page","link":"https:\/\/ysgolsul.com\/?page_id=9516","title":{"rendered":"Y Cwrs Gweddi &#8211; Sesiwn 1"},"content":{"rendered":"<p><a href=\"https:\/\/ysgolsul.com\/?page_id=9514\">Yn \u00f4l i bob sesiwn<\/a><br \/>\n<iframe loading=\"lazy\" title=\"YouTube video player\" src=\"https:\/\/www.youtube.com\/embed\/eO1WIawSAkQ?si=MXuJp0QaFniJHdb-\" width=\"560\" height=\"315\" frameborder=\"0\" allowfullscreen=\"allowfullscreen\"><\/iframe><br \/>\n<a href=\"https:\/\/downloads.24-7prayer.com\/prayer_course\/2019\/sessions\/session-1\/Session%201_prayer_course_HD.zip\" class=\"su-button su-button-style-default\" style=\"color:#ffffff;background-color:#ef412d;border-color:#c03424;border-radius:8px\" target=\"_blank\" rel=\"noopener noreferrer\" download=\"Y Cwrs Gweddi - Sesiwn 1\"><span style=\"color:#ffffff;padding:0px 22px;font-size:17px;line-height:34px;border-color:#f47a6c;border-radius:8px;text-shadow:none\"> Lawrlwytho HD<\/span><\/a> <a href=\"https:\/\/downloads.24-7prayer.com\/prayer_course\/2019\/sessions\/session-1\/Session%201_prayer_course_SD.zip\" class=\"su-button su-button-style-default\" style=\"color:#ffffff;background-color:#ef412d;border-color:#c03424;border-radius:8px\" target=\"_blank\" rel=\"noopener noreferrer\" download=\"Y Cwrs Gweddi - Sesiwn 1\"><span style=\"color:#ffffff;padding:0px 22px;font-size:17px;line-height:34px;border-color:#f47a6c;border-radius:8px;text-shadow:none\"> Lawrlwytho SD<\/span><\/a>\n<div class=\"su-divider su-divider-style-default\" style=\"margin:15px 0;border-width:3px;border-color:#999999\"><\/div>\n<h1>Sesiwn 1: Pam Gwedd\u00efo?<\/h1>\n<p>Cliciwch isod i lawrlwytho&#8217;r sesiwn fel dogfen PDF gyflawn.<br \/>\n<a href=\"https:\/\/ysgolsul.com\/?attachment_id=9601\" class=\"su-button su-button-style-default\" style=\"color:#ffffff;background-color:#ef412d;border-color:#c03424;border-radius:8px\" target=\"_blank\" rel=\"noopener noreferrer\" download=\"Canllaw Astudio Grwpiau Bach - Sesiwn 1\"><span style=\"color:#ffffff;padding:0px 22px;font-size:17px;line-height:34px;border-color:#f47a6c;border-radius:8px;text-shadow:none\"> Canllaw Astudio Grwpiau Bach &#8211; Sesiwn 1 (PDF)<\/span><\/a>\n<div class=\"su-divider su-divider-style-default\" style=\"margin:15px 0;border-width:3px;border-color:#999999\"><\/div>\n<h1>Sesiwn 1:<br \/>\nPam Gwedd\u00efo?<\/h1>\n<h2>Canllaw Astudio Grwpiau Bach<\/h2>\n<h2><span style=\"color: #ff0000;\">1. Cyflwynwch y sesiwn<\/span><\/h2>\n<p>5 munud<\/p>\n<h3>Adnod allweddol &#8211; \u201cArglwydd, dysg ni i wedd\u00efo\u201d &#8211; Luc 11:1<\/h3>\n<ul>\n<li>Yn y sesiwn gyntaf hon o\u2019r Cwrs Gweddi, byddwn yn dadbacio pwysigrwydd gweddi a\u2019r gwahanol bynciau a drafodir ar draws y cwrs.<\/li>\n<li>Dechreuwch y sesiwn trwy agor mewn gweddi.<\/li>\n<\/ul>\n<div class=\"su-divider su-divider-style-default\" style=\"margin:15px 0;border-width:3px;border-color:#999999\"><\/div>\n<h2><span style=\"color: #ff0000;\">2. Gwyliwch y Fideo<\/span><\/h2>\n<p>20 munud<\/p>\n<h3>Darnau o&#8217;r Beibl<br \/>\nLuc 11:1-4, Mathew 6:6-8, Rhufeiniaid 8:26-28<\/h3>\n<h3>Pwyntiau crynhoi<\/h3>\n<ul>\n<li>Gallwn ofyn i Iesu ein helpu i ddysgu sut i wedd\u00efo.<\/li>\n<li>Mae gwedd\u00efo fel blwch offer &#8211; mae llawer o wahanol ffyrdd o wedd\u00efo.<\/li>\n<li>Cadwch hi&#8217;n syml. Cadwch hi&#8217;n real. Daliwch ati.<\/li>\n<\/ul>\n<div class=\"su-divider su-divider-style-default\" style=\"margin:15px 0;border-width:3px;border-color:#999999\"><\/div>\n<h2><span style=\"color: #ff0000;\">3. Cwestiynau Trafod<\/span><\/h2>\n<p>20 munud<\/p>\n<p><strong>Cwestiwn:<\/strong>\u00a0Beth oedd fwyaf defnyddiol neu fwyaf heriol yn y fideo i chi?<\/p>\n<p><strong>Cwestiwn:<\/strong> Beth sy\u2019n anodd i chwi mewn gweddi? Beth sy&#8217;n hawdd i chi?<br \/>\nPam ydych chi&#8217;n meddwl gall gweddi deimlo&#8217;n galed yn aml?<\/p>\n<p>Dywed Pete mai\u2019r cyngor gorau yw <strong>\u201cCadw pethau\u2019n syml, ei gadw\u2019n real a\u2019i gadw i fyny.\u201d<\/strong><\/p>\n<p><strong>Cadwch ef yn syml: \u201cmae eich bywyd gweddi ar ei orau ar ei symlaf\u201d<br \/>\n<\/strong><strong>Cwestiwn:<\/strong> Am beth yr ydych yn siarad yn bennaf \u00e2 Duw ?<\/p>\n<p><strong>Cadwch bethau&#8217;n real: \u201cPeidiwch \u00e2 chwarae r\u00f4l gerbron Duw\u201d<br \/>\n<\/strong><strong>Cwestiwn: <\/strong>A ydych yn teimlo fod yn rhaid i chwi ymddwyn yn neilltuol gerbron Duw wrth wedd\u00efo ? Pam neu pam lai?<\/p>\n<p><strong>Daliwch ati: \u201cPeidiwch \u00e2 rhoi&#8217;r gorau i wedd\u00efo&#8217;n rhy fuan\u201d<br \/>\n<\/strong><strong>Cwestiwn:<\/strong>A ydych yn ei chael yn her i ddyfalbarhau mewn gweddi ? Sut gallwn ni gael ein hannog i ddal ati?<br \/>\n<div class=\"su-divider su-divider-style-default\" style=\"margin:15px 0;border-width:3px;border-color:#999999\"><\/div>\n<h2><span style=\"color: #ff0000;\">4. Gweithredu <\/span><\/h2>\n<p>15 munud<\/p>\n<p>Rhannwch yn grwpiau bach, a rhannwch un ffordd yr hoffech chi dyfu mewn gweddi a&#8217;ch perthynas \u00e2 Duw dros y cwrs.<\/p>\n<h3>Nodyn i\u2019r arweinydd<\/h3>\n<p>Efallai yr hoffech chi hefyd ysgrifennu eich nodau, fel y gallwch chi ailymweld \u00e2 nhw ar ddiwedd y cwrs.<\/p>\n<div class=\"su-divider su-divider-style-default\" style=\"margin:15px 0;border-width:3px;border-color:#999999\"><\/div>\n<h2>Adnoddau ychwanegol: Pam gwedd\u00efo?<\/h2>\n<p>Gellir dod o hyd i&#8217;r rhain yn <a href=\"http:\/\/prayercourse.org\/toolshed\">prayercourse.org\/toolshed<\/a><\/p>\n<ul>\n<li>\u201cHow to pray the Lord\u2019s Prayer\u201d- Sut i Wedd\u00efo Gweddi\u2019r Arglwydd<\/li>\n<li>\u201cHow to have a quiet time\u201d &#8211; Sut i Gael Amser Tawel<\/li>\n<li>\u201cHow to pray the Examen\u201d &#8211; Sut i Wedd\u00efo\u2019r \u201cExamen\u201d<\/li>\n<\/ul>\n","protected":false},"excerpt":{"rendered":"<p>Yn \u00f4l i bob sesiwn Sesiwn 1: Pam Gwedd\u00efo? Cliciwch isod i lawrlwytho&#8217;r sesiwn fel dogfen PDF gyflawn. Sesiwn 1: Pam Gwedd\u00efo? Canllaw Astudio Grwpiau Bach 1. Cyflwynwch y sesiwn 5 munud Adnod allweddol &#8211; \u201cArglwydd, dysg ni i wedd\u00efo\u201d &#8211; Luc 11:1 Yn y sesiwn gyntaf hon o\u2019r Cwrs Gweddi, byddwn yn dadbacio pwysigrwydd [&hellip;]<\/p>\n","protected":false},"author":3,"featured_media":0,"parent":0,"menu_order":0,"comment_status":"closed","ping_status":"closed","template":"","meta":{"footnotes":""},"class_list":["post-9516","page","type-page","status-publish","hentry"],"yoast_head":"<!-- This site is optimized with the Yoast SEO plugin v26.5 - https:\/\/yoast.com\/wordpress\/plugins\/seo\/ -->\n<title>Y Cwrs Gweddi - Sesiwn 1 - Cyngor Ysgolion Sul ac Addysg Gristnogol Cymru<\/title>\n<meta name=\"robots\" content=\"index, follow, max-snippet:-1, max-image-preview:large, max-video-preview:-1\" \/>\n<link rel=\"canonical\" href=\"https:\/\/ysgolsul.com\/?page_id=9516\" \/>\n<meta property=\"og:locale\" content=\"en_US\" \/>\n<meta property=\"og:type\" content=\"article\" \/>\n<meta property=\"og:title\" content=\"Y Cwrs Gweddi - Sesiwn 1 - Cyngor Ysgolion Sul ac Addysg Gristnogol Cymru\" \/>\n<meta property=\"og:description\" content=\"Yn \u00f4l i bob sesiwn Sesiwn 1: Pam Gwedd\u00efo? Cliciwch isod i lawrlwytho&#8217;r sesiwn fel dogfen PDF gyflawn. Sesiwn 1: Pam Gwedd\u00efo? Canllaw Astudio Grwpiau Bach 1. Cyflwynwch y sesiwn 5 munud Adnod allweddol &#8211; \u201cArglwydd, dysg ni i wedd\u00efo\u201d &#8211; Luc 11:1 Yn y sesiwn gyntaf hon o\u2019r Cwrs Gweddi, byddwn yn dadbacio pwysigrwydd [&hellip;]\" \/>\n<meta property=\"og:url\" content=\"https:\/\/ysgolsul.com\/?page_id=9516\" \/>\n<meta property=\"og:site_name\" content=\"Cyngor Ysgolion Sul ac Addysg Gristnogol Cymru\" \/>\n<meta property=\"article:publisher\" content=\"https:\/\/www.facebook.com\/ysgolsul\" \/>\n<meta property=\"article:modified_time\" content=\"2024-01-24T16:07:44+00:00\" \/>\n<meta name=\"twitter:card\" content=\"summary_large_image\" \/>\n<meta name=\"twitter:site\" content=\"@ysgolsul\" \/>\n<meta name=\"twitter:label1\" content=\"Est. reading time\" \/>\n\t<meta name=\"twitter:data1\" content=\"2 minutes\" \/>\n<script type=\"application\/ld+json\" class=\"yoast-schema-graph\">{\"@context\":\"https:\/\/schema.org\",\"@graph\":[{\"@type\":\"WebPage\",\"@id\":\"https:\/\/ysgolsul.com\/?page_id=9516\",\"url\":\"https:\/\/ysgolsul.com\/?page_id=9516\",\"name\":\"Y Cwrs Gweddi - Sesiwn 1 - Cyngor Ysgolion Sul ac Addysg Gristnogol Cymru\",\"isPartOf\":{\"@id\":\"https:\/\/ysgolsul.com\/#website\"},\"datePublished\":\"2024-01-24T12:19:56+00:00\",\"dateModified\":\"2024-01-24T16:07:44+00:00\",\"breadcrumb\":{\"@id\":\"https:\/\/ysgolsul.com\/?page_id=9516#breadcrumb\"},\"inLanguage\":\"en-US\",\"potentialAction\":[{\"@type\":\"ReadAction\",\"target\":[\"https:\/\/ysgolsul.com\/?page_id=9516\"]}]},{\"@type\":\"BreadcrumbList\",\"@id\":\"https:\/\/ysgolsul.com\/?page_id=9516#breadcrumb\",\"itemListElement\":[{\"@type\":\"ListItem\",\"position\":1,\"name\":\"Home\",\"item\":\"https:\/\/ysgolsul.com\/\"},{\"@type\":\"ListItem\",\"position\":2,\"name\":\"Y Cwrs Gweddi &#8211; Sesiwn 1\"}]},{\"@type\":\"WebSite\",\"@id\":\"https:\/\/ysgolsul.com\/#website\",\"url\":\"https:\/\/ysgolsul.com\/\",\"name\":\"Cyngor Ysgolion Sul ac Addysg Gristnogol Cymru\",\"description\":\"Cyhoeddiadau&#039;r Gair - Cyhoeddwyr Cristnogol Cymraeg\",\"publisher\":{\"@id\":\"https:\/\/ysgolsul.com\/#organization\"},\"potentialAction\":[{\"@type\":\"SearchAction\",\"target\":{\"@type\":\"EntryPoint\",\"urlTemplate\":\"https:\/\/ysgolsul.com\/?s={search_term_string}\"},\"query-input\":{\"@type\":\"PropertyValueSpecification\",\"valueRequired\":true,\"valueName\":\"search_term_string\"}}],\"inLanguage\":\"en-US\"},{\"@type\":\"Organization\",\"@id\":\"https:\/\/ysgolsul.com\/#organization\",\"name\":\"Cyngor Ysgolion Sul\",\"url\":\"https:\/\/ysgolsul.com\/\",\"logo\":{\"@type\":\"ImageObject\",\"inLanguage\":\"en-US\",\"@id\":\"https:\/\/ysgolsul.com\/#\/schema\/logo\/image\/\",\"url\":\"https:\/\/www.ysgolsul.com\/wp-content\/uploads\/2020\/03\/logo-CYS-sgwar.jpg\",\"contentUrl\":\"https:\/\/www.ysgolsul.com\/wp-content\/uploads\/2020\/03\/logo-CYS-sgwar.jpg\",\"width\":1080,\"height\":1080,\"caption\":\"Cyngor Ysgolion Sul\"},\"image\":{\"@id\":\"https:\/\/ysgolsul.com\/#\/schema\/logo\/image\/\"},\"sameAs\":[\"https:\/\/www.facebook.com\/ysgolsul\",\"https:\/\/x.com\/ysgolsul\",\"https:\/\/www.youtube.com\/user\/ysgolsul\"]}]}<\/script>\n<!-- \/ Yoast SEO plugin. -->","yoast_head_json":{"title":"Y Cwrs Gweddi - Sesiwn 1 - Cyngor Ysgolion Sul ac Addysg Gristnogol Cymru","robots":{"index":"index","follow":"follow","max-snippet":"max-snippet:-1","max-image-preview":"max-image-preview:large","max-video-preview":"max-video-preview:-1"},"canonical":"https:\/\/ysgolsul.com\/?page_id=9516","og_locale":"en_US","og_type":"article","og_title":"Y Cwrs Gweddi - Sesiwn 1 - Cyngor Ysgolion Sul ac Addysg Gristnogol Cymru","og_description":"Yn \u00f4l i bob sesiwn Sesiwn 1: Pam Gwedd\u00efo? Cliciwch isod i lawrlwytho&#8217;r sesiwn fel dogfen PDF gyflawn. Sesiwn 1: Pam Gwedd\u00efo? Canllaw Astudio Grwpiau Bach 1. Cyflwynwch y sesiwn 5 munud Adnod allweddol &#8211; \u201cArglwydd, dysg ni i wedd\u00efo\u201d &#8211; Luc 11:1 Yn y sesiwn gyntaf hon o\u2019r Cwrs Gweddi, byddwn yn dadbacio pwysigrwydd [&hellip;]","og_url":"https:\/\/ysgolsul.com\/?page_id=9516","og_site_name":"Cyngor Ysgolion Sul ac Addysg Gristnogol Cymru","article_publisher":"https:\/\/www.facebook.com\/ysgolsul","article_modified_time":"2024-01-24T16:07:44+00:00","twitter_card":"summary_large_image","twitter_site":"@ysgolsul","twitter_misc":{"Est. reading time":"2 minutes"},"schema":{"@context":"https:\/\/schema.org","@graph":[{"@type":"WebPage","@id":"https:\/\/ysgolsul.com\/?page_id=9516","url":"https:\/\/ysgolsul.com\/?page_id=9516","name":"Y Cwrs Gweddi - Sesiwn 1 - Cyngor Ysgolion Sul ac Addysg Gristnogol Cymru","isPartOf":{"@id":"https:\/\/ysgolsul.com\/#website"},"datePublished":"2024-01-24T12:19:56+00:00","dateModified":"2024-01-24T16:07:44+00:00","breadcrumb":{"@id":"https:\/\/ysgolsul.com\/?page_id=9516#breadcrumb"},"inLanguage":"en-US","potentialAction":[{"@type":"ReadAction","target":["https:\/\/ysgolsul.com\/?page_id=9516"]}]},{"@type":"BreadcrumbList","@id":"https:\/\/ysgolsul.com\/?page_id=9516#breadcrumb","itemListElement":[{"@type":"ListItem","position":1,"name":"Home","item":"https:\/\/ysgolsul.com\/"},{"@type":"ListItem","position":2,"name":"Y Cwrs Gweddi &#8211; Sesiwn 1"}]},{"@type":"WebSite","@id":"https:\/\/ysgolsul.com\/#website","url":"https:\/\/ysgolsul.com\/","name":"Cyngor Ysgolion Sul ac Addysg Gristnogol Cymru","description":"Cyhoeddiadau&#039;r Gair - Cyhoeddwyr Cristnogol Cymraeg","publisher":{"@id":"https:\/\/ysgolsul.com\/#organization"},"potentialAction":[{"@type":"SearchAction","target":{"@type":"EntryPoint","urlTemplate":"https:\/\/ysgolsul.com\/?s={search_term_string}"},"query-input":{"@type":"PropertyValueSpecification","valueRequired":true,"valueName":"search_term_string"}}],"inLanguage":"en-US"},{"@type":"Organization","@id":"https:\/\/ysgolsul.com\/#organization","name":"Cyngor Ysgolion Sul","url":"https:\/\/ysgolsul.com\/","logo":{"@type":"ImageObject","inLanguage":"en-US","@id":"https:\/\/ysgolsul.com\/#\/schema\/logo\/image\/","url":"https:\/\/www.ysgolsul.com\/wp-content\/uploads\/2020\/03\/logo-CYS-sgwar.jpg","contentUrl":"https:\/\/www.ysgolsul.com\/wp-content\/uploads\/2020\/03\/logo-CYS-sgwar.jpg","width":1080,"height":1080,"caption":"Cyngor Ysgolion Sul"},"image":{"@id":"https:\/\/ysgolsul.com\/#\/schema\/logo\/image\/"},"sameAs":["https:\/\/www.facebook.com\/ysgolsul","https:\/\/x.com\/ysgolsul","https:\/\/www.youtube.com\/user\/ysgolsul"]}]}},"_links":{"self":[{"href":"https:\/\/ysgolsul.com\/index.php?rest_route=\/wp\/v2\/pages\/9516","targetHints":{"allow":["GET"]}}],"collection":[{"href":"https:\/\/ysgolsul.com\/index.php?rest_route=\/wp\/v2\/pages"}],"about":[{"href":"https:\/\/ysgolsul.com\/index.php?rest_route=\/wp\/v2\/types\/page"}],"author":[{"embeddable":true,"href":"https:\/\/ysgolsul.com\/index.php?rest_route=\/wp\/v2\/users\/3"}],"replies":[{"embeddable":true,"href":"https:\/\/ysgolsul.com\/index.php?rest_route=%2Fwp%2Fv2%2Fcomments&post=9516"}],"version-history":[{"count":15,"href":"https:\/\/ysgolsul.com\/index.php?rest_route=\/wp\/v2\/pages\/9516\/revisions"}],"predecessor-version":[{"id":9603,"href":"https:\/\/ysgolsul.com\/index.php?rest_route=\/wp\/v2\/pages\/9516\/revisions\/9603"}],"wp:attachment":[{"href":"https:\/\/ysgolsul.com\/index.php?rest_route=%2Fwp%2Fv2%2Fmedia&parent=9516"}],"curies":[{"name":"wp","href":"https:\/\/api.w.org\/{rel}","templated":true}]}}