{"id":261,"date":"2012-03-21T10:02:53","date_gmt":"2012-03-21T10:02:53","guid":{"rendered":"http:\/\/www.ysgolsul.com\/?page_id=261"},"modified":"2024-09-18T14:45:36","modified_gmt":"2024-09-18T14:45:36","slug":"agor-y-llyfr","status":"publish","type":"page","link":"https:\/\/ysgolsul.com\/?page_id=261","title":{"rendered":"Agor y Llyfr"},"content":{"rendered":"<p><strong><a href=\"http:\/\/www.ysgolsul.com\/wp-content\/uploads\/2012\/03\/agoryllyfr1.jpg\" data-rel=\"lightbox-image-0\" data-rl_title=\"\" data-rl_caption=\"\"><img loading=\"lazy\" decoding=\"async\" class=\"alignright size-full wp-image-616\" title=\"\" src=\"http:\/\/www.ysgolsul.com\/wp-content\/uploads\/2012\/03\/agoryllyfr1.jpg\" alt=\"\" width=\"209\" height=\"180\" \/><\/a>Cyfle i rannu stori\u2019r Beibl yn eich Ysgol Leol &#8211; cynllun AGOR Y LLYFR<\/strong><\/p>\n<p>Mae Cyngor Ysgolion Sul yn falch o fedru cyd-weithio gyda Open The Book a Chymdeithas y Beibl i ddatblygu a hyrwyddo Agor y Llyfr yn y Gymraeg. Bellach mae holl ddeunydd Agor y Llyfr ar gael yn Gymraeg. <a href=\"https:\/\/www.biblesociety.org.uk\/get-involved\/open-the-book\/\">Cliciwch YMA am ddolen i wefan Open The Book.<\/a><\/p>\n<p><a href=\"http:\/\/www.ysgolsul.com\/wp-content\/uploads\/2012\/03\/otb_general_information_2016-08-17.pdf\">I lawrlwytho taflen Gymraeg am Agor y Llyfr cliciwch YMA.<\/a><\/p>\n<p>Y mae <strong>Agor y Llyfr<\/strong> yn gynllun tair blynedd i alluogi eglwysi i greu cysylltiad gyda\u2019i hysgol leol drwy ymweld yn gyson i ddarllen stori Feiblaidd i\u2019r plant.<\/p>\n<p>Bwriad <strong>Agor y Llyfr<\/strong> yw cyflwyno tua 80 stori dros gyfnod o dair blynedd i blant oed cynradd mewn ysgolion ledled Cymru.<\/p>\n<p><iframe loading=\"lazy\" width=\"560\" height=\"315\" src=\"https:\/\/www.youtube.com\/embed\/AAE8t7PobdI\" frameborder=\"0\" allow=\"accelerometer; autoplay; clipboard-write; encrypted-media; gyroscope; picture-in-picture\" allowfullscreen><\/iframe><\/p>\n<p><a href=\"http:\/\/www.ysgolsul.com\/wp-content\/uploads\/2012\/03\/storiwrllyfr.jpg\" data-rel=\"lightbox-image-1\" data-rl_title=\"\" data-rl_caption=\"\"><img loading=\"lazy\" decoding=\"async\" class=\"alignright size-full wp-image-617\" title=\"\" src=\"http:\/\/www.ysgolsul.com\/wp-content\/uploads\/2012\/03\/storiwrllyfr.jpg\" alt=\"\" width=\"240\" height=\"300\" \/><\/a>Mae\u2019r cynllun yn defnyddio <strong>Beibl Newydd y Stor\u00efwr<\/strong>, ynghyd \u00e2 llyfrau <strong>Agor y Llyfr<\/strong> sy\u2019n rhoi syniadau a chyflwyniad i bob stori.<\/p>\n<p>O wythnos i wythnos mae gwirfoddolwyr yn mynd i mewn i\u2019w hysgol leol i ddarllen stori 5 munud, er mwyn rhannu cyfoeth stor\u00efau\u2019r Efengyl.<\/p>\n<p>Pris <strong>Beibl Newydd y Stor\u00efwr<\/strong> yw \u00a312.99 ac mae\u2019r llawlyfr yn \u00a35. Mae&#8217;r storiau hefyd ar gael ar CD am \u00a311.99.<\/p>\n<p>Dyma gyfle gwych i ni fel eglwysi greu cysylltiad gyda\u2019n ysgol leol, gan rannu cynnwys y Beibl i genhedlaeth na fyddant o reidrwydd yn clywed y stor\u00efau hyn o unrhyw gyfeiriad arall.<\/p>\n<p>Am fwy o wybodaeth am y cynllun ewch i <a href=\"http:\/\/www.openthebook.net\/\">www.openthebook.net<\/a><\/p>\n<p>Ydych chi erioed wedi meddwl bod plant mewn ysgolion yn colli allan ar beth mae\u2019r Beibl yn ei ddangos iddynt? Gallent fynd trwy eu bywyd ysgol heb ddysgu am Abraham, Moses, Dafydd, Ruth\u2026neu hyd yn oed bywyd Iesu a straeon y Testament Newydd.<\/p>\n<p>Mae <strong>AGOR Y LLYFR<\/strong> yn cynnig rhaglen o straeon gyda themau, wedi eu dramateiddio, bob un ohonynt tua 10 munud o hyd, sydd yn ffitio\u2019n addas i amser Addoli Cymunedol \/ Gwasanaeth mewn ysgolion.<\/p>\n<p>Mae ein t\u00eem o storiwyr o eglwysi lleol yn defnyddio drama, meim, props, gwisgoedd \u2013 ac yn enwedig y plant \u2013 i gyflwyno straeon y Beibl mewn ffyrdd bywiog, hudol, llawn gwybodaeth\u2026a llawn hwyl i bawb!<\/p>\n<p>Felly yn awr, diolch i <strong>AGOR Y LLYFR<\/strong>, mae gan blant mewn ysgolion Cymraeg eu hiaith y cyfle yn ystod Addoli Cymunedol i ddarganfod y rhyfeddod a doethineb sydd gan y Beibl i\u2019w gynnig yn eu hiaith eu hunain!<\/p>\n<p><strong>Cofrestru<\/strong><\/p>\n<p>Os nad ydych wedi cofrestru eto, byddwch angen gwneud hyn fel t\u00eem, trwy gwblhau ac anfon Ffurflen Gofrestru <strong>AGOR Y LLYFR<\/strong>. Os gwelwch yn dda, darllenwch ddogfen Gwybodaeth Aelodaeth T\u00eem <strong>AGOR Y LLYFR<\/strong>.<\/p>\n<p>I lawrlwytho\u2019r ffurflenni hyn, <a href=\"http:\/\/www.openthebook.net\/downloads\/Welsh Registration Form Jul2012.doc\" target=\"_blank\" rel=\"noopener noreferrer\">Cliciwch yma<\/a> (nodiadau\u2019n cydfynd <a href=\"http:\/\/www.openthebook.net\/downloads\/Welsh Team Membership Information Jul2012 .doc\" target=\"_blank\" rel=\"noopener noreferrer\">yma<\/a>).<\/p>\n<p>Dylid cwblhau\u2019r Ffurflen Gofrestru ac, unai ei anfon trwy\u2019r post neu ei ddychwelyd fel atodiad e-bost.<\/p>\n<p>Os gwelwch yn dda, sylwch fod adran ar gefn y Ffurflen Gofrestru i\u2019r arweinydd t\u00eem arwyddo ar ran y t\u00eem eu bod yn cytuno i ufuddhau i G\u00f4d Ymarfer <strong>AGOR Y LLYFR<\/strong>. Mae hi\u2019n bwysig fod bob gwirfoddolwr yn ymwybodol o hyn.<\/p>\n<p>Mae cofrestru\u2019n ddi-d\u00e2l ac unwaith y mae eich ffurflen wedi ei phrosesu bydd copi yn cael ei anfon at yr arweinydd t\u00eem. Bydd bob gwirfoddolwr yn derbyn rhif aelodaeth unigol. Gofynnwch i\u2019ch arweinydd t\u00eem am eich un chi a chadwch gofnod ohono. Rydych angen y rhif hwn i archebu deunyddiau o <a href=\"http:\/\/www.openthebook.net\/downloads\/Welsh Order to A Great Read Jul2012 .doc\" target=\"_blank\" rel=\"noopener noreferrer\">A Great Read<\/a> (cliciwch yma i lawrlwytho\u2019r ffurflen archebu) ac i ddefnyddio adran Ffynhonellau\u2019r wefan.<\/p>\n<p>Mae croeso i ymwelwyr edrych ar ein gwefan ond dim ond rhai sydd yn aelodau cofrestredig o <strong>AGOR Y LLYFR<\/strong> sydd yn gallu mynd i mewn neu archebu deunyddiau.<\/p>\n","protected":false},"excerpt":{"rendered":"<p>Cyfle i rannu stori\u2019r Beibl yn eich Ysgol Leol &#8211; cynllun AGOR Y LLYFR Mae Cyngor Ysgolion Sul yn falch o fedru cyd-weithio gyda Open The Book a Chymdeithas y Beibl i ddatblygu a hyrwyddo Agor y Llyfr yn y Gymraeg. Bellach mae holl ddeunydd Agor y Llyfr ar gael yn Gymraeg. Cliciwch YMA am [&hellip;]<\/p>\n","protected":false},"author":1,"featured_media":0,"parent":0,"menu_order":0,"comment_status":"closed","ping_status":"open","template":"","meta":{"footnotes":""},"class_list":["post-261","page","type-page","status-publish","hentry"],"yoast_head":"<!-- This site is optimized with the Yoast SEO plugin v26.5 - https:\/\/yoast.com\/wordpress\/plugins\/seo\/ -->\n<title>Agor y Llyfr - Cyngor Ysgolion Sul ac Addysg Gristnogol Cymru<\/title>\n<meta name=\"robots\" content=\"index, follow, max-snippet:-1, max-image-preview:large, max-video-preview:-1\" \/>\n<link rel=\"canonical\" href=\"https:\/\/ysgolsul.com\/?page_id=261\" \/>\n<meta property=\"og:locale\" content=\"en_US\" \/>\n<meta property=\"og:type\" content=\"article\" \/>\n<meta property=\"og:title\" content=\"Agor y Llyfr - Cyngor Ysgolion Sul ac Addysg Gristnogol Cymru\" \/>\n<meta property=\"og:description\" content=\"Cyfle i rannu stori\u2019r Beibl yn eich Ysgol Leol &#8211; cynllun AGOR Y LLYFR Mae Cyngor Ysgolion Sul yn falch o fedru cyd-weithio gyda Open The Book a Chymdeithas y Beibl i ddatblygu a hyrwyddo Agor y Llyfr yn y Gymraeg. Bellach mae holl ddeunydd Agor y Llyfr ar gael yn Gymraeg. Cliciwch YMA am [&hellip;]\" \/>\n<meta property=\"og:url\" content=\"https:\/\/ysgolsul.com\/?page_id=261\" \/>\n<meta property=\"og:site_name\" content=\"Cyngor Ysgolion Sul ac Addysg Gristnogol Cymru\" \/>\n<meta property=\"article:publisher\" content=\"https:\/\/www.facebook.com\/ysgolsul\" \/>\n<meta property=\"article:modified_time\" content=\"2024-09-18T14:45:36+00:00\" \/>\n<meta property=\"og:image\" content=\"http:\/\/www.ysgolsul.com\/wp-content\/uploads\/2012\/03\/agoryllyfr1.jpg\" \/>\n<meta name=\"twitter:card\" content=\"summary_large_image\" \/>\n<meta name=\"twitter:site\" content=\"@ysgolsul\" \/>\n<meta name=\"twitter:label1\" content=\"Est. reading time\" \/>\n\t<meta name=\"twitter:data1\" content=\"4 minutes\" \/>\n<script type=\"application\/ld+json\" class=\"yoast-schema-graph\">{\"@context\":\"https:\/\/schema.org\",\"@graph\":[{\"@type\":\"WebPage\",\"@id\":\"https:\/\/ysgolsul.com\/?page_id=261\",\"url\":\"https:\/\/ysgolsul.com\/?page_id=261\",\"name\":\"Agor y Llyfr - Cyngor Ysgolion Sul ac Addysg Gristnogol Cymru\",\"isPartOf\":{\"@id\":\"https:\/\/ysgolsul.com\/#website\"},\"primaryImageOfPage\":{\"@id\":\"https:\/\/ysgolsul.com\/?page_id=261#primaryimage\"},\"image\":{\"@id\":\"https:\/\/ysgolsul.com\/?page_id=261#primaryimage\"},\"thumbnailUrl\":\"http:\/\/www.ysgolsul.com\/wp-content\/uploads\/2012\/03\/agoryllyfr1.jpg\",\"datePublished\":\"2012-03-21T10:02:53+00:00\",\"dateModified\":\"2024-09-18T14:45:36+00:00\",\"breadcrumb\":{\"@id\":\"https:\/\/ysgolsul.com\/?page_id=261#breadcrumb\"},\"inLanguage\":\"en-US\",\"potentialAction\":[{\"@type\":\"ReadAction\",\"target\":[\"https:\/\/ysgolsul.com\/?page_id=261\"]}]},{\"@type\":\"ImageObject\",\"inLanguage\":\"en-US\",\"@id\":\"https:\/\/ysgolsul.com\/?page_id=261#primaryimage\",\"url\":\"http:\/\/www.ysgolsul.com\/wp-content\/uploads\/2012\/03\/agoryllyfr1.jpg\",\"contentUrl\":\"http:\/\/www.ysgolsul.com\/wp-content\/uploads\/2012\/03\/agoryllyfr1.jpg\"},{\"@type\":\"BreadcrumbList\",\"@id\":\"https:\/\/ysgolsul.com\/?page_id=261#breadcrumb\",\"itemListElement\":[{\"@type\":\"ListItem\",\"position\":1,\"name\":\"Home\",\"item\":\"https:\/\/ysgolsul.com\/\"},{\"@type\":\"ListItem\",\"position\":2,\"name\":\"Agor y Llyfr\"}]},{\"@type\":\"WebSite\",\"@id\":\"https:\/\/ysgolsul.com\/#website\",\"url\":\"https:\/\/ysgolsul.com\/\",\"name\":\"Cyngor Ysgolion Sul ac Addysg Gristnogol Cymru\",\"description\":\"Cyhoeddiadau&#039;r Gair - Cyhoeddwyr Cristnogol Cymraeg\",\"publisher\":{\"@id\":\"https:\/\/ysgolsul.com\/#organization\"},\"potentialAction\":[{\"@type\":\"SearchAction\",\"target\":{\"@type\":\"EntryPoint\",\"urlTemplate\":\"https:\/\/ysgolsul.com\/?s={search_term_string}\"},\"query-input\":{\"@type\":\"PropertyValueSpecification\",\"valueRequired\":true,\"valueName\":\"search_term_string\"}}],\"inLanguage\":\"en-US\"},{\"@type\":\"Organization\",\"@id\":\"https:\/\/ysgolsul.com\/#organization\",\"name\":\"Cyngor Ysgolion Sul\",\"url\":\"https:\/\/ysgolsul.com\/\",\"logo\":{\"@type\":\"ImageObject\",\"inLanguage\":\"en-US\",\"@id\":\"https:\/\/ysgolsul.com\/#\/schema\/logo\/image\/\",\"url\":\"https:\/\/www.ysgolsul.com\/wp-content\/uploads\/2020\/03\/logo-CYS-sgwar.jpg\",\"contentUrl\":\"https:\/\/www.ysgolsul.com\/wp-content\/uploads\/2020\/03\/logo-CYS-sgwar.jpg\",\"width\":1080,\"height\":1080,\"caption\":\"Cyngor Ysgolion Sul\"},\"image\":{\"@id\":\"https:\/\/ysgolsul.com\/#\/schema\/logo\/image\/\"},\"sameAs\":[\"https:\/\/www.facebook.com\/ysgolsul\",\"https:\/\/x.com\/ysgolsul\",\"https:\/\/www.youtube.com\/user\/ysgolsul\"]}]}<\/script>\n<!-- \/ Yoast SEO plugin. -->","yoast_head_json":{"title":"Agor y Llyfr - Cyngor Ysgolion Sul ac Addysg Gristnogol Cymru","robots":{"index":"index","follow":"follow","max-snippet":"max-snippet:-1","max-image-preview":"max-image-preview:large","max-video-preview":"max-video-preview:-1"},"canonical":"https:\/\/ysgolsul.com\/?page_id=261","og_locale":"en_US","og_type":"article","og_title":"Agor y Llyfr - Cyngor Ysgolion Sul ac Addysg Gristnogol Cymru","og_description":"Cyfle i rannu stori\u2019r Beibl yn eich Ysgol Leol &#8211; cynllun AGOR Y LLYFR Mae Cyngor Ysgolion Sul yn falch o fedru cyd-weithio gyda Open The Book a Chymdeithas y Beibl i ddatblygu a hyrwyddo Agor y Llyfr yn y Gymraeg. Bellach mae holl ddeunydd Agor y Llyfr ar gael yn Gymraeg. Cliciwch YMA am [&hellip;]","og_url":"https:\/\/ysgolsul.com\/?page_id=261","og_site_name":"Cyngor Ysgolion Sul ac Addysg Gristnogol Cymru","article_publisher":"https:\/\/www.facebook.com\/ysgolsul","article_modified_time":"2024-09-18T14:45:36+00:00","og_image":[{"url":"http:\/\/www.ysgolsul.com\/wp-content\/uploads\/2012\/03\/agoryllyfr1.jpg","type":"","width":"","height":""}],"twitter_card":"summary_large_image","twitter_site":"@ysgolsul","twitter_misc":{"Est. reading time":"4 minutes"},"schema":{"@context":"https:\/\/schema.org","@graph":[{"@type":"WebPage","@id":"https:\/\/ysgolsul.com\/?page_id=261","url":"https:\/\/ysgolsul.com\/?page_id=261","name":"Agor y Llyfr - Cyngor Ysgolion Sul ac Addysg Gristnogol Cymru","isPartOf":{"@id":"https:\/\/ysgolsul.com\/#website"},"primaryImageOfPage":{"@id":"https:\/\/ysgolsul.com\/?page_id=261#primaryimage"},"image":{"@id":"https:\/\/ysgolsul.com\/?page_id=261#primaryimage"},"thumbnailUrl":"http:\/\/www.ysgolsul.com\/wp-content\/uploads\/2012\/03\/agoryllyfr1.jpg","datePublished":"2012-03-21T10:02:53+00:00","dateModified":"2024-09-18T14:45:36+00:00","breadcrumb":{"@id":"https:\/\/ysgolsul.com\/?page_id=261#breadcrumb"},"inLanguage":"en-US","potentialAction":[{"@type":"ReadAction","target":["https:\/\/ysgolsul.com\/?page_id=261"]}]},{"@type":"ImageObject","inLanguage":"en-US","@id":"https:\/\/ysgolsul.com\/?page_id=261#primaryimage","url":"http:\/\/www.ysgolsul.com\/wp-content\/uploads\/2012\/03\/agoryllyfr1.jpg","contentUrl":"http:\/\/www.ysgolsul.com\/wp-content\/uploads\/2012\/03\/agoryllyfr1.jpg"},{"@type":"BreadcrumbList","@id":"https:\/\/ysgolsul.com\/?page_id=261#breadcrumb","itemListElement":[{"@type":"ListItem","position":1,"name":"Home","item":"https:\/\/ysgolsul.com\/"},{"@type":"ListItem","position":2,"name":"Agor y Llyfr"}]},{"@type":"WebSite","@id":"https:\/\/ysgolsul.com\/#website","url":"https:\/\/ysgolsul.com\/","name":"Cyngor Ysgolion Sul ac Addysg Gristnogol Cymru","description":"Cyhoeddiadau&#039;r Gair - Cyhoeddwyr Cristnogol Cymraeg","publisher":{"@id":"https:\/\/ysgolsul.com\/#organization"},"potentialAction":[{"@type":"SearchAction","target":{"@type":"EntryPoint","urlTemplate":"https:\/\/ysgolsul.com\/?s={search_term_string}"},"query-input":{"@type":"PropertyValueSpecification","valueRequired":true,"valueName":"search_term_string"}}],"inLanguage":"en-US"},{"@type":"Organization","@id":"https:\/\/ysgolsul.com\/#organization","name":"Cyngor Ysgolion Sul","url":"https:\/\/ysgolsul.com\/","logo":{"@type":"ImageObject","inLanguage":"en-US","@id":"https:\/\/ysgolsul.com\/#\/schema\/logo\/image\/","url":"https:\/\/www.ysgolsul.com\/wp-content\/uploads\/2020\/03\/logo-CYS-sgwar.jpg","contentUrl":"https:\/\/www.ysgolsul.com\/wp-content\/uploads\/2020\/03\/logo-CYS-sgwar.jpg","width":1080,"height":1080,"caption":"Cyngor Ysgolion Sul"},"image":{"@id":"https:\/\/ysgolsul.com\/#\/schema\/logo\/image\/"},"sameAs":["https:\/\/www.facebook.com\/ysgolsul","https:\/\/x.com\/ysgolsul","https:\/\/www.youtube.com\/user\/ysgolsul"]}]}},"_links":{"self":[{"href":"https:\/\/ysgolsul.com\/index.php?rest_route=\/wp\/v2\/pages\/261","targetHints":{"allow":["GET"]}}],"collection":[{"href":"https:\/\/ysgolsul.com\/index.php?rest_route=\/wp\/v2\/pages"}],"about":[{"href":"https:\/\/ysgolsul.com\/index.php?rest_route=\/wp\/v2\/types\/page"}],"author":[{"embeddable":true,"href":"https:\/\/ysgolsul.com\/index.php?rest_route=\/wp\/v2\/users\/1"}],"replies":[{"embeddable":true,"href":"https:\/\/ysgolsul.com\/index.php?rest_route=%2Fwp%2Fv2%2Fcomments&post=261"}],"version-history":[{"count":18,"href":"https:\/\/ysgolsul.com\/index.php?rest_route=\/wp\/v2\/pages\/261\/revisions"}],"predecessor-version":[{"id":9862,"href":"https:\/\/ysgolsul.com\/index.php?rest_route=\/wp\/v2\/pages\/261\/revisions\/9862"}],"wp:attachment":[{"href":"https:\/\/ysgolsul.com\/index.php?rest_route=%2Fwp%2Fv2%2Fmedia&parent=261"}],"curies":[{"name":"wp","href":"https:\/\/api.w.org\/{rel}","templated":true}]}}