{"id":215,"date":"2012-03-14T17:15:51","date_gmt":"2012-03-14T17:15:51","guid":{"rendered":"http:\/\/www.ysgolsul.com\/?page_id=215"},"modified":"2025-03-12T10:25:33","modified_gmt":"2025-03-12T10:25:33","slug":"cardiau","status":"publish","type":"page","link":"https:\/\/ysgolsul.com\/?page_id=215","title":{"rendered":"Cardiau a Llyfrynnau Bugeiliol"},"content":{"rendered":"<div class=\"su-box su-box-style-glass\" id=\"\" style=\"border-color:#ca0000;border-radius:5px;\"><div class=\"su-box-title\" style=\"background-color:#fd2828;color:#FFFFFF;border-top-left-radius:3px;border-top-right-radius:3px\">Cardiau Nadolig<\/div><div class=\"su-box-content su-u-clearfix su-u-trim\" style=\"border-bottom-left-radius:3px;border-bottom-right-radius:3px\">\n<a href=\"https:\/\/www.ysgolsul.com\/wp-content\/uploads\/2020\/01\/Screenshot-2020-01-08-at-16.23.07.png\" data-rel=\"lightbox-image-0\" data-rl_title=\"\" data-rl_caption=\"\" title=\"\"><img loading=\"lazy\" decoding=\"async\" src=\"https:\/\/www.ysgolsul.com\/wp-content\/uploads\/2020\/01\/Screenshot-2020-01-08-at-16.23.07-218x300.png\" alt=\"\" width=\"218\" height=\"300\" class=\"alignright size-medium wp-image-6140\" srcset=\"https:\/\/ysgolsul.com\/wp-content\/uploads\/2020\/01\/Screenshot-2020-01-08-at-16.23.07-218x300.png 218w, https:\/\/ysgolsul.com\/wp-content\/uploads\/2020\/01\/Screenshot-2020-01-08-at-16.23.07.png 606w\" sizes=\"auto, (max-width: 218px) 100vw, 218px\" \/><\/a>Mae yna amrywiaeth o gardiau Nadolig Cymraeg ar gael a werthir er budd gwaith yr Ysgol Sul yng Nghymru, gyda chyfarchiad ac adnod ar bob cerdyn, ynghyd \u00e2 llun lliw pwrpasol.<\/p>\n<p>Mae yna gynllun arbennig ar gyfer eglwysi ac ysgolion Sul. Am bob pecyn a werthir bydd 50c yn mynd i gronfa eich ysgol Sul chi. Dyma gyfle gwych felly i gefnogi Cyngor Ysgolion Sul a\u2019ch ysgol Sul leol chi! Mi fyddwch chi yn talu \u00a31.50 y pecyn amdanynt ac yn eu gwerthu am \u00a32 y pecyn. Cynigir y cardiau ar gynllun dychwel neu werthu!<\/p>\n<p><a href=\"https:\/\/www.ysgolsul.com\/wp-content\/uploads\/2024\/09\/CardiauNadolig.pdf\">I archebu lawrlwythwch y ffurflen yma (PDF)<\/a><br \/>\n<\/div><\/div>\n<div class=\"su-box su-box-style-glass\" id=\"\" style=\"border-color:#ca0000;border-radius:5px;\"><div class=\"su-box-title\" style=\"background-color:#fd2828;color:#FFFFFF;border-top-left-radius:3px;border-top-right-radius:3px\">Cardiau Pasg<\/div><div class=\"su-box-content su-u-clearfix su-u-trim\" style=\"border-bottom-left-radius:3px;border-bottom-right-radius:3px\">\n<a href=\"https:\/\/www.ysgolsul.com\/wp-content\/uploads\/2020\/01\/Cerdyn-Pasg-2019.jpg\" data-rel=\"lightbox-image-1\" data-rl_title=\"\" data-rl_caption=\"\" title=\"\"><img loading=\"lazy\" decoding=\"async\" src=\"https:\/\/www.ysgolsul.com\/wp-content\/uploads\/2020\/01\/Cerdyn-Pasg-2019-212x300.jpg\" alt=\"\" width=\"212\" height=\"300\" class=\"alignright size-medium wp-image-6152\" srcset=\"https:\/\/ysgolsul.com\/wp-content\/uploads\/2020\/01\/Cerdyn-Pasg-2019-212x300.jpg 212w, https:\/\/ysgolsul.com\/wp-content\/uploads\/2020\/01\/Cerdyn-Pasg-2019.jpg 297w\" sizes=\"auto, (max-width: 212px) 100vw, 212px\" \/><\/a>Ar hyn o bryd mae gennym un cerdyn Pasg. Maent ar gael am 69c yr un neu pecyn o 8 Am \u00a32.99. I archebu ffoniwch \u202d07894 580192\u202c.<\/p>\n<p>Cyfarchiad ac adnod tu fewn y gerdyn:<\/p>\n<p>Gan ddymuno bendithion a llawenydd y Pasg<\/p>\n<p>Clod i Dduw a Thad ein Harglwydd Iesu Grist! Mae wedi bod mor drugarog aton ni. Mae\u2019n ddechrau cwbl newydd! D\u0177n ni wedi cael ein geni unwaith eto! Ac am ei fod wedi codi Iesu Grist yn \u00f4l yn fyw d\u0177n ni\u2019n edrych ymlaen yn hyderus i\u2019r dyfodol. Mae gan Dduw etifeddiaeth i\u2019w rhannu gyda\u2019i blant \u2013 un fydd byth yn darfod, nac yn difetha nac yn diflannu. Mae\u2019n ei chadw ar eich cyfer chi yn y nefoedd!<br \/>\n1 Pedr 1:3-4 (beibl.net)<br \/>\n<\/div><\/div>\n<div class=\"su-box su-box-style-glass\" id=\"\" style=\"border-color:#ca0000;border-radius:5px;\"><div class=\"su-box-title\" style=\"background-color:#fd2828;color:#FFFFFF;border-top-left-radius:3px;border-top-right-radius:3px\">Cardiau Cydymdeimlad<\/div><div class=\"su-box-content su-u-clearfix su-u-trim\" style=\"border-bottom-left-radius:3px;border-bottom-right-radius:3px\">\n<a href=\"http:\/\/www.ysgolsul.com\/wp-content\/uploads\/2012\/03\/cydymdeimlo.jpg\" data-rel=\"lightbox-image-2\" data-rl_title=\"\" data-rl_caption=\"\"><img loading=\"lazy\" decoding=\"async\" class=\"alignright size-medium wp-image-227\" title=\"\" src=\"http:\/\/www.ysgolsul.com\/wp-content\/uploads\/2012\/03\/cydymdeimlo-300x249.jpg\" alt=\"\" width=\"300\" height=\"249\" srcset=\"https:\/\/ysgolsul.com\/wp-content\/uploads\/2012\/03\/cydymdeimlo-300x249.jpg 300w, https:\/\/ysgolsul.com\/wp-content\/uploads\/2012\/03\/cydymdeimlo-361x300.jpg 361w, https:\/\/ysgolsul.com\/wp-content\/uploads\/2012\/03\/cydymdeimlo.jpg 584w\" sizes=\"auto, (max-width: 300px) 100vw, 300px\" \/><\/a> <em>Mae 8 cerdyn cydymdeimlad Cristnogol Cymraeg newydd ar gael. Cardiau maint mawr (A5)<\/em><\/p>\n<p>Mae pob cerdyn yn cynnwys y cyfarchiad \u2018Yn Meddwl Amdanoch\u2019 y tu fewn, ynghyd ag adnod o Salm 27:1<\/p>\n<p>Yn ychwanegol mae pedwar ohonynt yn cynnwys geiriau o gysur a gobaith ar y clawr cefn e.e. \u2018Rho i\u2019m yr hedd\u2019, \u2018\u00d4l Traed\u2019, \u2018Y Llong\u2019 a \u2018Dydy marw\u2019n ddim &#8230;\u2019 (gweler y lluniau)<\/p>\n<p><a href=\"http:\/\/www.ysgolsul.com\/wp-content\/uploads\/2012\/03\/cerdiaucyd.pdf\">I archebu lawrlwythwch y ffurflen yma (PDF)<\/a><br \/>\n<\/div><\/div>\n<div class=\"su-box su-box-style-glass\" id=\"\" style=\"border-color:#ca0000;border-radius:5px;\"><div class=\"su-box-title\" style=\"background-color:#fd2828;color:#FFFFFF;border-top-left-radius:3px;border-top-right-radius:3px\">Llyfrynnau Bugeiliol<\/div><div class=\"su-box-content su-u-clearfix su-u-trim\" style=\"border-bottom-left-radius:3px;border-bottom-right-radius:3px\">\n<a href=\"http:\/\/www.ysgolsul.com\/wp-content\/uploads\/2013\/05\/cloriau.jpg\" data-rel=\"lightbox-image-3\" data-rl_title=\"\" data-rl_caption=\"\" title=\"\"><img loading=\"lazy\" decoding=\"async\" class=\"alignright size-full wp-image-792\" src=\"http:\/\/www.ysgolsul.com\/wp-content\/uploads\/2013\/05\/cloriau.jpg\" alt=\"cloriau\" width=\"261\" height=\"451\" srcset=\"https:\/\/ysgolsul.com\/wp-content\/uploads\/2013\/05\/cloriau.jpg 261w, https:\/\/ysgolsul.com\/wp-content\/uploads\/2013\/05\/cloriau-173x300.jpg 173w\" sizes=\"auto, (max-width: 261px) 100vw, 261px\" \/><\/a>Gair o Gysur mewn Gofid a Galar<br \/>\nGair o Gysur mewn Gofid a Gwaeledd<br \/>\nWele, cawsom y Meseia &#8211; Nadolig<br \/>\nMi wn fod fy Mhrynwr yn fyw &#8211; Pasg<\/p>\n<p>Mae gennym bedwar llyfryn 20 tud, lliw llawn. Dau sy\u2019n addas ar gyfer eu cyflwyno i rywrai ar adeg profedigaeth neu ar achlysur afiechyd, llesgedd neu bryder, un sy\u2019n addas i gyflwyno i bobl wrth ddathlu\u2019r Nadolig ac un arall ar gyfer y Pasg.<\/p>\n<p>Maent yn cynnig detholiad o adnodau o\u2019r Beibl, gwedd\u00efau, myfyrdodau, geiriau emynau a cherddi, a darnau ysbrydoledig megis \u00d4l Traed, Desiderata ayyb.<\/p>\n<p>Maent yn addas ar gyfer gweinidogion a lleygwyr, er mwyn eu cyflwyno ar adeg o ymweld bugeiliol ar ran yr eglwys.<\/p>\n<p>Maent wedi eu prisio yn rhesymol iawn (llai na hanner pris cerdyn arferol) am 50c yr un, neu gellir eu prynu mewn pecyn arbennig ar gyfer eglwysi, sy\u2019n cynnwys 50 copi yr un o\u2019r ddau lyfr cyntaf am y pris arbennig o \u00a330 neu 100 copi o\u2019r llyfryn Nadolig neu Pasg am \u00a330. Mae hyn yn 30c y copi am lyfryn lliwgar 20 tudalen..<\/p>\n<p><a href=\"http:\/\/www.ysgolsul.com\/wp-content\/uploads\/2013\/05\/taflen-adnoddau-bugeiliol.pdf\">Cliciwch YMA am ffurflen archebu.<\/a><br \/>\n<\/div><\/div>\n","protected":false},"excerpt":{"rendered":"","protected":false},"author":1,"featured_media":0,"parent":0,"menu_order":0,"comment_status":"closed","ping_status":"open","template":"","meta":{"footnotes":""},"class_list":["post-215","page","type-page","status-publish","hentry"],"yoast_head":"<!-- This site is optimized with the Yoast SEO plugin v26.5 - https:\/\/yoast.com\/wordpress\/plugins\/seo\/ -->\n<title>Cardiau a Llyfrynnau Bugeiliol - Cyngor Ysgolion Sul ac Addysg Gristnogol Cymru<\/title>\n<meta name=\"robots\" content=\"index, follow, max-snippet:-1, max-image-preview:large, max-video-preview:-1\" \/>\n<link rel=\"canonical\" href=\"https:\/\/ysgolsul.com\/?page_id=215\" \/>\n<meta property=\"og:locale\" content=\"en_US\" \/>\n<meta property=\"og:type\" content=\"article\" \/>\n<meta property=\"og:title\" content=\"Cardiau a Llyfrynnau Bugeiliol - Cyngor Ysgolion Sul ac Addysg Gristnogol Cymru\" \/>\n<meta property=\"og:url\" content=\"https:\/\/ysgolsul.com\/?page_id=215\" \/>\n<meta property=\"og:site_name\" content=\"Cyngor Ysgolion Sul ac Addysg Gristnogol Cymru\" \/>\n<meta property=\"article:publisher\" content=\"https:\/\/www.facebook.com\/ysgolsul\" \/>\n<meta property=\"article:modified_time\" content=\"2025-03-12T10:25:33+00:00\" \/>\n<meta property=\"og:image\" content=\"https:\/\/ysgolsul.com\/wp-content\/uploads\/2020\/01\/Screenshot-2020-01-08-at-16.23.07.png\" \/>\n\t<meta property=\"og:image:width\" content=\"606\" \/>\n\t<meta property=\"og:image:height\" content=\"834\" \/>\n\t<meta property=\"og:image:type\" content=\"image\/png\" \/>\n<meta name=\"twitter:card\" content=\"summary_large_image\" \/>\n<meta name=\"twitter:site\" content=\"@ysgolsul\" \/>\n<meta name=\"twitter:label1\" content=\"Est. reading time\" \/>\n\t<meta name=\"twitter:data1\" content=\"4 minutes\" \/>\n<script type=\"application\/ld+json\" class=\"yoast-schema-graph\">{\"@context\":\"https:\/\/schema.org\",\"@graph\":[{\"@type\":\"WebPage\",\"@id\":\"https:\/\/ysgolsul.com\/?page_id=215\",\"url\":\"https:\/\/ysgolsul.com\/?page_id=215\",\"name\":\"Cardiau a Llyfrynnau Bugeiliol - Cyngor Ysgolion Sul ac Addysg Gristnogol Cymru\",\"isPartOf\":{\"@id\":\"https:\/\/ysgolsul.com\/#website\"},\"primaryImageOfPage\":{\"@id\":\"https:\/\/ysgolsul.com\/?page_id=215#primaryimage\"},\"image\":{\"@id\":\"https:\/\/ysgolsul.com\/?page_id=215#primaryimage\"},\"thumbnailUrl\":\"https:\/\/www.ysgolsul.com\/wp-content\/uploads\/2020\/01\/Screenshot-2020-01-08-at-16.23.07-218x300.png\",\"datePublished\":\"2012-03-14T17:15:51+00:00\",\"dateModified\":\"2025-03-12T10:25:33+00:00\",\"breadcrumb\":{\"@id\":\"https:\/\/ysgolsul.com\/?page_id=215#breadcrumb\"},\"inLanguage\":\"en-US\",\"potentialAction\":[{\"@type\":\"ReadAction\",\"target\":[\"https:\/\/ysgolsul.com\/?page_id=215\"]}]},{\"@type\":\"ImageObject\",\"inLanguage\":\"en-US\",\"@id\":\"https:\/\/ysgolsul.com\/?page_id=215#primaryimage\",\"url\":\"https:\/\/www.ysgolsul.com\/wp-content\/uploads\/2020\/01\/Screenshot-2020-01-08-at-16.23.07-218x300.png\",\"contentUrl\":\"https:\/\/www.ysgolsul.com\/wp-content\/uploads\/2020\/01\/Screenshot-2020-01-08-at-16.23.07-218x300.png\"},{\"@type\":\"BreadcrumbList\",\"@id\":\"https:\/\/ysgolsul.com\/?page_id=215#breadcrumb\",\"itemListElement\":[{\"@type\":\"ListItem\",\"position\":1,\"name\":\"Home\",\"item\":\"https:\/\/ysgolsul.com\/\"},{\"@type\":\"ListItem\",\"position\":2,\"name\":\"Cardiau a Llyfrynnau Bugeiliol\"}]},{\"@type\":\"WebSite\",\"@id\":\"https:\/\/ysgolsul.com\/#website\",\"url\":\"https:\/\/ysgolsul.com\/\",\"name\":\"Cyngor Ysgolion Sul ac Addysg Gristnogol Cymru\",\"description\":\"Cyhoeddiadau&#039;r Gair - Cyhoeddwyr Cristnogol Cymraeg\",\"publisher\":{\"@id\":\"https:\/\/ysgolsul.com\/#organization\"},\"potentialAction\":[{\"@type\":\"SearchAction\",\"target\":{\"@type\":\"EntryPoint\",\"urlTemplate\":\"https:\/\/ysgolsul.com\/?s={search_term_string}\"},\"query-input\":{\"@type\":\"PropertyValueSpecification\",\"valueRequired\":true,\"valueName\":\"search_term_string\"}}],\"inLanguage\":\"en-US\"},{\"@type\":\"Organization\",\"@id\":\"https:\/\/ysgolsul.com\/#organization\",\"name\":\"Cyngor Ysgolion Sul\",\"url\":\"https:\/\/ysgolsul.com\/\",\"logo\":{\"@type\":\"ImageObject\",\"inLanguage\":\"en-US\",\"@id\":\"https:\/\/ysgolsul.com\/#\/schema\/logo\/image\/\",\"url\":\"https:\/\/www.ysgolsul.com\/wp-content\/uploads\/2020\/03\/logo-CYS-sgwar.jpg\",\"contentUrl\":\"https:\/\/www.ysgolsul.com\/wp-content\/uploads\/2020\/03\/logo-CYS-sgwar.jpg\",\"width\":1080,\"height\":1080,\"caption\":\"Cyngor Ysgolion Sul\"},\"image\":{\"@id\":\"https:\/\/ysgolsul.com\/#\/schema\/logo\/image\/\"},\"sameAs\":[\"https:\/\/www.facebook.com\/ysgolsul\",\"https:\/\/x.com\/ysgolsul\",\"https:\/\/www.youtube.com\/user\/ysgolsul\"]}]}<\/script>\n<!-- \/ Yoast SEO plugin. -->","yoast_head_json":{"title":"Cardiau a Llyfrynnau Bugeiliol - Cyngor Ysgolion Sul ac Addysg Gristnogol Cymru","robots":{"index":"index","follow":"follow","max-snippet":"max-snippet:-1","max-image-preview":"max-image-preview:large","max-video-preview":"max-video-preview:-1"},"canonical":"https:\/\/ysgolsul.com\/?page_id=215","og_locale":"en_US","og_type":"article","og_title":"Cardiau a Llyfrynnau Bugeiliol - Cyngor Ysgolion Sul ac Addysg Gristnogol Cymru","og_url":"https:\/\/ysgolsul.com\/?page_id=215","og_site_name":"Cyngor Ysgolion Sul ac Addysg Gristnogol Cymru","article_publisher":"https:\/\/www.facebook.com\/ysgolsul","article_modified_time":"2025-03-12T10:25:33+00:00","og_image":[{"width":606,"height":834,"url":"https:\/\/ysgolsul.com\/wp-content\/uploads\/2020\/01\/Screenshot-2020-01-08-at-16.23.07.png","type":"image\/png"}],"twitter_card":"summary_large_image","twitter_site":"@ysgolsul","twitter_misc":{"Est. reading time":"4 minutes"},"schema":{"@context":"https:\/\/schema.org","@graph":[{"@type":"WebPage","@id":"https:\/\/ysgolsul.com\/?page_id=215","url":"https:\/\/ysgolsul.com\/?page_id=215","name":"Cardiau a Llyfrynnau Bugeiliol - Cyngor Ysgolion Sul ac Addysg Gristnogol Cymru","isPartOf":{"@id":"https:\/\/ysgolsul.com\/#website"},"primaryImageOfPage":{"@id":"https:\/\/ysgolsul.com\/?page_id=215#primaryimage"},"image":{"@id":"https:\/\/ysgolsul.com\/?page_id=215#primaryimage"},"thumbnailUrl":"https:\/\/www.ysgolsul.com\/wp-content\/uploads\/2020\/01\/Screenshot-2020-01-08-at-16.23.07-218x300.png","datePublished":"2012-03-14T17:15:51+00:00","dateModified":"2025-03-12T10:25:33+00:00","breadcrumb":{"@id":"https:\/\/ysgolsul.com\/?page_id=215#breadcrumb"},"inLanguage":"en-US","potentialAction":[{"@type":"ReadAction","target":["https:\/\/ysgolsul.com\/?page_id=215"]}]},{"@type":"ImageObject","inLanguage":"en-US","@id":"https:\/\/ysgolsul.com\/?page_id=215#primaryimage","url":"https:\/\/www.ysgolsul.com\/wp-content\/uploads\/2020\/01\/Screenshot-2020-01-08-at-16.23.07-218x300.png","contentUrl":"https:\/\/www.ysgolsul.com\/wp-content\/uploads\/2020\/01\/Screenshot-2020-01-08-at-16.23.07-218x300.png"},{"@type":"BreadcrumbList","@id":"https:\/\/ysgolsul.com\/?page_id=215#breadcrumb","itemListElement":[{"@type":"ListItem","position":1,"name":"Home","item":"https:\/\/ysgolsul.com\/"},{"@type":"ListItem","position":2,"name":"Cardiau a Llyfrynnau Bugeiliol"}]},{"@type":"WebSite","@id":"https:\/\/ysgolsul.com\/#website","url":"https:\/\/ysgolsul.com\/","name":"Cyngor Ysgolion Sul ac Addysg Gristnogol Cymru","description":"Cyhoeddiadau&#039;r Gair - Cyhoeddwyr Cristnogol Cymraeg","publisher":{"@id":"https:\/\/ysgolsul.com\/#organization"},"potentialAction":[{"@type":"SearchAction","target":{"@type":"EntryPoint","urlTemplate":"https:\/\/ysgolsul.com\/?s={search_term_string}"},"query-input":{"@type":"PropertyValueSpecification","valueRequired":true,"valueName":"search_term_string"}}],"inLanguage":"en-US"},{"@type":"Organization","@id":"https:\/\/ysgolsul.com\/#organization","name":"Cyngor Ysgolion Sul","url":"https:\/\/ysgolsul.com\/","logo":{"@type":"ImageObject","inLanguage":"en-US","@id":"https:\/\/ysgolsul.com\/#\/schema\/logo\/image\/","url":"https:\/\/www.ysgolsul.com\/wp-content\/uploads\/2020\/03\/logo-CYS-sgwar.jpg","contentUrl":"https:\/\/www.ysgolsul.com\/wp-content\/uploads\/2020\/03\/logo-CYS-sgwar.jpg","width":1080,"height":1080,"caption":"Cyngor Ysgolion Sul"},"image":{"@id":"https:\/\/ysgolsul.com\/#\/schema\/logo\/image\/"},"sameAs":["https:\/\/www.facebook.com\/ysgolsul","https:\/\/x.com\/ysgolsul","https:\/\/www.youtube.com\/user\/ysgolsul"]}]}},"_links":{"self":[{"href":"https:\/\/ysgolsul.com\/index.php?rest_route=\/wp\/v2\/pages\/215","targetHints":{"allow":["GET"]}}],"collection":[{"href":"https:\/\/ysgolsul.com\/index.php?rest_route=\/wp\/v2\/pages"}],"about":[{"href":"https:\/\/ysgolsul.com\/index.php?rest_route=\/wp\/v2\/types\/page"}],"author":[{"embeddable":true,"href":"https:\/\/ysgolsul.com\/index.php?rest_route=\/wp\/v2\/users\/1"}],"replies":[{"embeddable":true,"href":"https:\/\/ysgolsul.com\/index.php?rest_route=%2Fwp%2Fv2%2Fcomments&post=215"}],"version-history":[{"count":27,"href":"https:\/\/ysgolsul.com\/index.php?rest_route=\/wp\/v2\/pages\/215\/revisions"}],"predecessor-version":[{"id":10450,"href":"https:\/\/ysgolsul.com\/index.php?rest_route=\/wp\/v2\/pages\/215\/revisions\/10450"}],"wp:attachment":[{"href":"https:\/\/ysgolsul.com\/index.php?rest_route=%2Fwp%2Fv2%2Fmedia&parent=215"}],"curies":[{"name":"wp","href":"https:\/\/api.w.org\/{rel}","templated":true}]}}